{"id":29,"date":"2020-07-10T10:34:13","date_gmt":"2020-07-10T08:34:13","guid":{"rendered":"http:\/\/localhost\/descon\/engineering\/?page_id=23"},"modified":"2020-07-30T11:27:48","modified_gmt":"2020-07-30T09:27:48","slug":"unternehmen","status":"publish","type":"page","link":"https:\/\/www.descon.at\/engineering\/","title":{"rendered":"Unternehmen"},"content":{"rendered":"<h2 class=\"wp-block-heading\">\u00dcber Uns<\/h2>\n\n\n\n<div class=\"wp-block-columns is-layout-flex wp-container-core-columns-is-layout-9d6595d7 wp-block-columns-is-layout-flex\">\n<div class=\"wp-block-column is-layout-flow wp-block-column-is-layout-flow\">\n<p>Die Firma DesCon Engineering GmbH wurde im Jahr 2010 neu gegr\u00fcndet. Die Gesch\u00e4ftsidee unserer Firma basiert auf dem reglementierten Gewerbe des Ingenieurb\u00fcros und ist daher auf dem Konsumg\u00fctermarkt (im speziellen die Marktsegmente Automobil-, Maschinen-, Flugzeugbau, Entwicklung\/Forschung etc.) und dem Arbeitsmarkt t\u00e4tig. Zu unserer wichtigsten Kundengruppe z\u00e4hlt demzufolge die Industrie.<\/p>\n\n\n\n<p>Wir bieten dem Markt ein breites Spektrum an Leistungen und legen unseren Schwerpunkt in die Kundenbetreuung bzw. Kundenzufriedenheit. Die Bereitstellung mehrerer Gesamtl\u00f6sungen mit einem Ansprechpartner (Outsourcing) macht unser Unternehmen zur ersten Wahl.<\/p>\n\n\n\n<p>Unsere St\u00e4rken sind die guten Branchenkenntnisse und Beziehungen in den Segmenten unserer Produktpalette. Wir vereinen langj\u00e4hrige Kompetenzen in jeder Sparte unserer Angebote und erreichen mit diesem Unternehmensprofil einen gro\u00dfen Teil des Marktes. Unser gutes Beziehungsnetz zu unseren Stammkunden wird gut betreut und bearbeitet.<\/p>\n<\/div>\n\n\n\n<div class=\"wp-block-column is-vertically-aligned-center is-layout-flow wp-block-column-is-layout-flow\">\n<div class=\"wp-block-image\"><figure class=\"aligncenter size-large is-resized\"><a href=\"https:\/\/www.descon.at\/engineering\/wp-content\/uploads\/sites\/2\/2020\/07\/scheinwerfer.png\"><noscript><img decoding=\"async\" src=\"https:\/\/www.descon.at\/engineering\/wp-content\/uploads\/sites\/2\/2020\/07\/scheinwerfer.png\" alt class=\"wp-image-170\" width=\"565\" height=\"423\" srcset=\"https:\/\/www.descon.at\/engineering\/wp-content\/uploads\/sites\/2\/2020\/07\/scheinwerfer.png 1000w, https:\/\/www.descon.at\/engineering\/wp-content\/uploads\/sites\/2\/2020\/07\/scheinwerfer-300x225.png 300w, https:\/\/www.descon.at\/engineering\/wp-content\/uploads\/sites\/2\/2020\/07\/scheinwerfer-768x576.png 768w\" sizes=\"(max-width: 565px) 100vw, 565px\"><\/noscript><img decoding=\"async\" src=\"data:image\/svg+xml,%3Csvg%20xmlns%3D%22http%3A%2F%2Fwww.w3.org%2F2000%2Fsvg%22%20viewBox%3D%220%200%20565%20423%22%3E%3C%2Fsvg%3E\" alt class=\"wp-image-170 lazyload\" width=\"565\" height=\"423\" srcset=\"data:image\/svg+xml,%3Csvg%20xmlns%3D%22http%3A%2F%2Fwww.w3.org%2F2000%2Fsvg%22%20viewBox%3D%220%200%20565%20423%22%3E%3C%2Fsvg%3E 565w\" sizes=\"(max-width: 565px) 100vw, 565px\" data-srcset=\"https:\/\/www.descon.at\/engineering\/wp-content\/uploads\/sites\/2\/2020\/07\/scheinwerfer.png 1000w, https:\/\/www.descon.at\/engineering\/wp-content\/uploads\/sites\/2\/2020\/07\/scheinwerfer-300x225.png 300w, https:\/\/www.descon.at\/engineering\/wp-content\/uploads\/sites\/2\/2020\/07\/scheinwerfer-768x576.png 768w\" data-src=\"https:\/\/www.descon.at\/engineering\/wp-content\/uploads\/sites\/2\/2020\/07\/scheinwerfer.png\"><\/a><\/figure><\/div>\n<\/div>\n<\/div>\n\n\n\n<h2 class=\"wp-block-heading\">Unternehmensphilosophie<\/h2>\n\n\n\n<div class=\"wp-block-columns is-layout-flex wp-container-core-columns-is-layout-9d6595d7 wp-block-columns-is-layout-flex\">\n<div class=\"wp-block-column is-layout-flow wp-block-column-is-layout-flow\">\n<p>Unsere Philosophie und Werte bilden die Basis f\u00fcr unsere Unternehmensstrategien. Sie sind richtungweisend f\u00fcr unser Handeln, unsere Beziehung zu unseren Kunden, Gesch\u00e4ftspartnern und Lieferanten, sowie letztendlich f\u00fcr unseren nachhaltigen Erfolg.<\/p>\n<\/div>\n\n\n\n<div class=\"wp-block-column is-vertically-aligned-center is-layout-flow wp-block-column-is-layout-flow\">\n<div class=\"wp-block-image\"><figure class=\"aligncenter size-large is-resized\"><noscript><img decoding=\"async\" src=\"https:\/\/www.descon.at\/engineering\/wp-content\/uploads\/sites\/2\/2020\/07\/descon_philosophie.svg\" alt class=\"wp-image-202\" width=\"420\" height=\"420\"><\/noscript><img decoding=\"async\" src=\"data:image\/svg+xml,%3Csvg%20xmlns%3D%22http%3A%2F%2Fwww.w3.org%2F2000%2Fsvg%22%20viewBox%3D%220%200%20420%20420%22%3E%3C%2Fsvg%3E\" alt class=\"wp-image-202 lazyload\" width=\"420\" height=\"420\" data-src=\"https:\/\/www.descon.at\/engineering\/wp-content\/uploads\/sites\/2\/2020\/07\/descon_philosophie.svg\"><\/figure><\/div>\n<\/div>\n<\/div>\n","protected":false},"excerpt":{"rendered":"<p>\u00dcber Uns Die Firma DesCon Engineering GmbH wurde im Jahr 2010 neu gegr\u00fcndet. Die Gesch\u00e4ftsidee unserer Firma basiert auf dem reglementierten Gewerbe des Ingenieurb\u00fcros und ist daher auf dem Konsumg\u00fctermarkt (im speziellen die Marktsegmente Automobil-, Maschinen-, Flugzeugbau, Entwicklung\/Forschung etc.) und dem Arbeitsmarkt t\u00e4tig. Zu unserer wichtigsten Kundengruppe z\u00e4hlt demzufolge die Industrie. Wir bieten dem Markt&hellip;&nbsp;<a href=\"https:\/\/www.descon.at\/engineering\/\" rel=\"bookmark\">Weiterlesen &raquo;<span class=\"screen-reader-text\">Unternehmen<\/span><\/a><\/p>\n","protected":false},"author":1,"featured_media":0,"parent":0,"menu_order":0,"comment_status":"closed","ping_status":"closed","template":"","meta":{"neve_meta_sidebar":"full-width","neve_meta_container":"","neve_meta_enable_content_width":"on","neve_meta_content_width":100,"neve_meta_title_alignment":"","neve_meta_author_avatar":"","neve_post_elements_order":"","neve_meta_disable_header":"","neve_meta_disable_footer":"","neve_meta_disable_title":"on","footnotes":""},"class_list":["post-29","page","type-page","status-publish","hentry"],"_links":{"self":[{"href":"https:\/\/www.descon.at\/engineering\/wp-json\/wp\/v2\/pages\/29","targetHints":{"allow":["GET"]}}],"collection":[{"href":"https:\/\/www.descon.at\/engineering\/wp-json\/wp\/v2\/pages"}],"about":[{"href":"https:\/\/www.descon.at\/engineering\/wp-json\/wp\/v2\/types\/page"}],"author":[{"embeddable":true,"href":"https:\/\/www.descon.at\/engineering\/wp-json\/wp\/v2\/users\/1"}],"replies":[{"embeddable":true,"href":"https:\/\/www.descon.at\/engineering\/wp-json\/wp\/v2\/comments?post=29"}],"version-history":[{"count":9,"href":"https:\/\/www.descon.at\/engineering\/wp-json\/wp\/v2\/pages\/29\/revisions"}],"predecessor-version":[{"id":233,"href":"https:\/\/www.descon.at\/engineering\/wp-json\/wp\/v2\/pages\/29\/revisions\/233"}],"wp:attachment":[{"href":"https:\/\/www.descon.at\/engineering\/wp-json\/wp\/v2\/media?parent=29"}],"curies":[{"name":"wp","href":"https:\/\/api.w.org\/{rel}","templated":true}]}}